git of 2479632231?
1
What is the hundred thousands digit of 395589916?
5
What is the tens digit of 724669130?
3
What is the hundreds digit of 62431558?
5
What is the ten thousands digit of 309273253?
7
What is the hundred millions digit of 519697686?
5
What is the units digit of 583365312?
2
What is the hundreds digit of 2263763805?
8
What is the units digit of 5069031467?
7
What is the millions digit of 94522091?
4
What is the ten millions digit of 24680670?
2
What is the thousands digit of 502948145?
8
What is the units digit of 1241880979?
9
What is the billions digit of 1051571210?
1
What is the hundreds digit of 76205773?
7
What is the ten thousands digit of 178421314?
2
What is the hundreds digit of 3858423485?
4
What is the hundred millions digit of 312818920?
3
What is the hundreds digit of 3394966068?
0
What is the ten millions digit of 1900099504?
0
What is the ten millions digit of 133655492?
3
What is the ten thousands digit of 395091555?
9
What is the hundred millions digit of 146065491?
1
What is the ten thousands digit of 295990044?
9
What is the millions digit of 6402100731?
2
What is the hundreds digit of 546381435?
4
What is the units digit of 4137925992?
2
What is the hundred millions digit of 324809694?
3
What is the tens digit of 52935033?
3
What is the millions digit of 46254680?
6
What is the units digit of 77365108?
8
What is the hundred thousands digit of 8413450?
4
What is the thousands digit of 300190392?
0
What is the hundred thousands digit of 2142999603?
9
What is the hundred thousands digit of 7238235322?
2
What is the ten millions digit of 53443819?
5
What is the ten thousands digit of 113515390?
1
What is the millions digit of 405703028?
5
What is the ten thousands digit of 454897250?
9
What is the ten thousands digit of 127909924?
0
What is the hundred millions digit of 1217967149?
2
What is the hundreds digit of 34927679?
6
What is the ten millions digit of 369839689?
6
What is the hundred millions digit of 888664137?
8
What is the units digit of 118043115?
5
What is the units digit of 206312519?
9
What is the thousands digit of 100974807?
4
What is the hundred thousands digit of 1794076937?
0
What is the ten millions digit of 414646796?
1
What is the hundred thousands digit of 71561363?
5
What is the hundred thousands digit of 47718347?
7
What is the millions digit of 117657452?
7
What is the units digit of 129322785?
5
What is the ten millions digit of 477515990?
7
What is the ten millions digit of 6669922015?
6
What is the ten millions digit of 16740077?
1
What is the hundred thousands digit of 437825445?
8
What is the hundreds digit of 52332598?
5
What is the ten millions digit of 1220156624?
2
What is the hundreds digit of 264262286?
2
What is the thousands digit of 39252398?
2
What is the tens digit of 2161416?
1
What is the millions digit of 1919569684?
9
What is the thousands digit of 61423822?
3
What is the tens digit of 84720805?
0
What is the hundreds digit of 24933512?
5
What is the ten millions digit of 5060700160?
6
What is the thousands digit of 214689419?
9
What is the millions digit of 121292657?
1
What is the ten millions digit of 1275341928?
7
What is the hundred thousands digit of 284064448?
0
What is the hundred thousands digit of 2070841121?
8
What is the ten thousands digit of 91161771?
6
What is the hundreds digit of 291917838?
8
What is the units digit of 288224360?
0
What is the thousands digit of 7049078?
9
What is the hundreds digit of 101175647?
6
What is the hundred thousands digit of 405794620?
7
What is the ten millions digit of 655002184?
5
What is the tens digit of 885083039?
3
What is the hundreds digit of 68680663?
6
What is the thousands digit of 56700227?
0
What is the millions digit of 31838902?
1
What is the ten thousands digit of 280918926?
1
What is the hundreds digit of 6831861219?
2
What is the hundred thousands digit of 105198546?
1
What is the hundred millions digit of 5424752967?
4
What is the hundred millions digit of 722876721?
7
What is the thousands digit of 7189202893?
2
What is the ten millions digit of 800767951?
0
What is the hundred millions digit of 776189536?
7
What is the units digit of 182362492?
2
What is the hundreds digit of 6959045619?
6
What is the tens digit of 391343663?
6
What is the ten millions digit of 258033493?
5
What is the hundreds digit of 2183566994?
9
What is the hundred millions digit of 2530240240?
5
What is the ten thousands digit of 114875078?
7
What is the tens digit of 2035749?
4
What is the thousands digit of 946673903?
3
What is the ten millions digit of 104787990?
0
What is the tens digit of 16255414?
1
What is the hundreds digit of 35798739?
7
What is the units digit of 147103920?
0
What is the hundred millions digit of 3895432226?
8
What is the tens digit of 336695997?
9
What is the tens digit of 483971222?
2
What is the ten thousands digit of 988139219?
3
What is the ten thousands digit of 311579039?
7
What is the units digit of 48867439?
9
What is the units digit of 264938109?
9
What is the thousands digit of 3715744580?
4
What is the hundreds digit of 3277565089?
0
What is the units digit of 87862135?
5
What is the hundreds digit of 804754992?
9
What is the thousands digit of 310374661?
4
What is the tens digit of 366248160?
6
What is the hundreds digit of 59323497?
4
What is the thousands digit of 182347315?
7
What is the tens digit of 496886709?
0
What is the hundred thousands digit of 2498800501?
8
What is the ten millions digit of 1694994885?
9
What is the ten thousands digit of 512486496?
8
What is the ten millions digit of 2466524625?
6
What is the hundred thousands digit of 383985160?
9
What is the ten thousands digit of 601328852?
2
What is the hundred thousands digit of 8731443774?
4
What is the millions digit of 6523391873?
3
What is the ten thousands digit of 4931181071?
8
What is the hundreds digit of 34781738?
7
What is the thousands digit of 124632202?
2
What is the units digit of 319145877?
7
What is the millions digit of 158070683?
8
What is the hundreds digit of 4370080388?
3
What is the units digit of 1814750081?
1
What is the thousands digit of 327911712?
1
What is the hundred millions digit of 115571846?
1
What is the hundred thousands digit of 1480524053?
5
What is the thousands digit of 290382835?
2
What is the ten thousands digit of 137857568?
5
What is the ten thousands digit of 1252763168?
6
What is the thousands digit of 285749457?
9
What is the thousands digit of 33635462?
5
What is the units digit of 2169859220?
0
What is the ten millions digit of 229414911?
2
What is the ten thousands digit of 949918039?
1
What is the hundreds digit of 215992281?
2
What is the ten millions digit of 92191477?
9
What is the tens digit of 61991640?
4
What is the ten thousands digit of 4127945184?
4
What is the units digit of 82732394?
4
What is the thousands digit of 57547744?
7
What is the hundred millions digit of 154335596?
1
What is the hundreds digit of 195640475?
4
What is the hundred millions digit of 297698335?
2
What is the units digit of 102563119?
9
What is the ten thousands digit of 35261232?
6
What is the hundred thousands digit of 928169807?
1
What is the billions digit of 5421633473?
5
What is the thousands digit of 928435300?
5
What is the millions digit of 12101716?
2
What is the hundred thousands digit of 532590270?
5
What is the ten millions digit of 326126111?
2
What is the units digit of 21320411?
1
What is the ten millions digit of 2959564070?
5
What is the ten millions digit of 807744542?
0
What is the ten thousands digit of 557995074?
9
What is the units digit of 55812040?
0
What is the hundreds digit of 134182193?
1
What is the thousands digit of 716830310?
0
What is the hundred thousands digit of 521437923?
4
What is the ten thousands digit of 36264453?
6
What is the millions digit of 49662363?
9
What is the units digit of 1513272452?
2
What is the hundred millions digit of 1315815644?
3
What is the thousands digit of 754399234?
9
What is the hundreds digit of 156487686?
6
What is the tens digit of 1049307493?
9
What is the ten millions digit of 705514948?
0
What is the hundred thousands digit of 551286960?
2
What is the units digit of 646961303?
3
What is the billions digit of 5